-39).
-96
Calculate 58 - 39 - (34 + -4) - (-48 + -4 - 3).
44
Calculate 39 + -53 - (-5 - (2 + 5)).
-2
Calculate (20 + -39 - -19) + (-1 - -14).
13
What is -428 - -509 - (-1 - -55)?
27
Evaluate -23 + -10 + 7 - -22 - (5 - 2) - -49.
42
Calculate -60 + -22 + -135 + 115.
-102
What is the value of -67 + 14 - -31 - 13?
-35
Calculate -192 + 202 - (0 + 11).
-1
Calculate 55 - -7 - (8 + (9 - (-6 + 26)) - 3).
68
Calculate -11 - (4 + -4 + -4) - (33 + (-27 - -7)).
-20
Calculate 21 + -2 + -7 + -16 - -11.
7
What is the value of (8 - (-178 + 87)) + -24?
75
Evaluate 15 + 109 + -62 - 4.
58
What is the value of -17 - (-94 + 28) - (15 + 1) - (0 + 0)?
33
Calculate (-172 - (-53 + -11)) + 74.
-34
What is 2 + -10 + (24 - (16 - (-4 - -42)))?
38
6 + -4 - (11 - (-8 + 2)) - -42
27
Calculate 58 + (-34 - (-17 - -7) - -13) - (6 - -2).
39
Calculate -19 + (-6 - 5) + 86 + -20.
36
What is (67 - -22) + (0 + 1 - -3) + 271 + -282?
82
What is (-30 - (-45 + -48)) + 39?
102
Evaluate (-261 - -265 - (-8 - 0)) + 26.
38
Calculate -28 - (-17 + 3 + 7) - (310 - 302).
-29
Calculate 5 + (38 - 67) + -4 + -9.
-37
Evaluate 107 + -41 + -1 + -27.
38
Evaluate 26 - ((66 - 94) + (3 - -37) + (0 - 28)).
42
What is the value of 3 + -14 + 2 + (23 - -12) + -9 + 12?
29
What is 3 + -18 - -14 - 1 - 5 - (22 - 6)?
-23
(-85 - 0 - (-21 - (-63 - -58))) + 1
-68
-12 + (0 - (76 - 37)) + 1
-50
Evaluate -1 - 9 - ((-15 - -42) + -89) - 14.
38
Evaluate (76 - 48) + 62 - 68.
22
Calculate -25 - (-14 - 25 - -15) - -58.
57
What is (0 - (1 - (-5 + -9 + 9))) + 1?
-5
Calculate (-51 + 79 + -31 - (-9 - 1)) + 105.
112
What is the value of -12 + -78 + -140 + 178?
-52
What is the value of 2 + 4 + 3 - (-17 - (-63 - -62))?
25
What is the value of -45 - (-40 - (-34 + 20))?
-19
What is the value of (1 - 2 - 6) + (64 - 64) + -47?
-54
What is (24 - 84 - -10) + (0 - (2 + -6)) + -13?
-59
What is the value of (73 - 72) + -59 - 14?
-72
Evaluate -8 + -46 + (-58 - -150).
38
What is (10 + 2 - 45) + -32 - (-1 + -18)?
-46
109 + (14 + 15 + (14 - 56) - -12)
108
What is the value of 21 + -8 + -24 + (29 - 56)?
-38
Calculate -73 + 3 + (6 - 18 - 2 - 3).
-87
Evaluate -157 + 40 + -74 + 45.
-146
What is the value of 0 + 17 + -2 + -2535 + 2507?
-13
Calculate (-4 - (12 + -22 + 10 + 0)) + 1 - -89.
86
What is the value of 0 + 7 + -3 + (105 - (141 + 3))?
-35
(-275 - -114) + 167 - (0 - 48 - 0)
54
What is -16 - (12 + -13 - -10 - 8) - (-4 - 7)?
-6
-7 + (0 - 26) + (-245 - -289)
11
Evaluate (-371 - -358) + (1 - (-3 - 59)).
50
What is 21 + 0 + (295 - 375) - -17?
-42
Evaluate -1 + -17 + -2 - (-15 + -1).
-4
Evaluate 63 + (-21 - (-28 - (22 - 42))).
50
What is the value of 564 + -493 - (1 + -21) - -18?
109
What is the value of 23 - (4 + (115 - (-31 + 51)))?
-76
Calculate 103 - (-19 + -23 + 64 + -9).
90
Evaluate (4 - 1) + (-11 - 1) + -152 + 134.
-27
Evaluate -32 - (-298 + 76 - -115).
75
What is -94 - (82 - 226) - -41?
91
What is 18 + -72 + 34 - 52?
-72
What is 213 + -73 - (126 + -26)?
40
What is 225 + -221 + 12 + 58 + (-1 - -2)?
75
Calculate 69 + 1 + -2 + 3 + -3 + (275 - 274).
69
Evaluate 22 + (2 + 13 - (12 + 41 + -38)).
22
3 + 7 + 5 + 0 - (-25 + 33)
7
What is -30 + 6 - (-4 + -18 + -6) - (-34 + 0)?
38
Calculate 39 + 0 - (146 - (104 + -38)).
-41
23 - 1 - (537 - 512) - -25 - 135
-113
-39 - (-4 + -10 - -12)
-37
Calculate 1 - ((-1 - -126) + (15 - (10 + -5)) + -24).
-110
37 + -17 + -28 - (0 + -20) - 26
-14
Calculate (16 - -73) + -19 - (0 + 2 - (-1 + -9)).
58
Calculate 52 + -30 + (69 - 22) + -32.
37
Calculate 12617 - 12578 - (-1 + 1 - -18).
21
Evaluate 79 + -41 + (86 - 57).
67
What is -15 - (11 - (12 - -4))?
-10
Calculate -59 - (-6 - -15 - 17 - -32).
-83
(289 - 150 - 182) + (26 - 0)
-17
What is (9 - 25 - (34 + -6)) + -3 + 0 + -1?
-48
What is 54 + 3 + -1 + 32 + 35 + -77?
46
What is 3 + 6 + (-20 - -10) + (5 - -2) - 1?
5
Calculate 23 + (-28 - 7) + 25.
13
Calculate -58 + 243 + (-15 - 5) + -41.
124
Calculate -24 - -65 - 26 - 18 - -50.
47
(-27 + 189 - 10 - 40) + 0 + 0 + -13
99
Evaluate (157 + -113 - (1 + 4)) + (-6 - 7).
26
What is (5 - 2) + 1 - (121 - 92) - -1?
-24
What is the value of (26 - -7) + 3 - 50?
-14
What is ((-18 - (25 - 16)) + 15 - -10) + (-53 - -3)?
-52
(9 - 10) + -7 - -1 - (2 - (3 - 42))
-48
What is the value of (-3 - (-117 - -151)) + 0 + -1 + 18?
-20
What is -23 + (119 - 106) - -31?
21
What is the value of 12 - (24 + (-49 + 11 - -14) + 6)?
6
Evaluate -5065 + 5117 + 1 + -88.
-35
Evaluate 53 - 46 - -20 - -3.
30
216 + -229 + (-3 - 1) + 2 + -4
-19
What is 44 + -90 + (-11 - -24)?
-33
What is -7 + 56 + -3 + (36 - 30) - -14?
66
What is (22 - 20) + -536 + 576?
42
What is the value of 877 - 731 - (63 - -2)?
81
Evaluate -60 + 22 + (-2 - (-28 - -33)).
-45
What is -9 - (-38 + -7 + 4 + -10)?
42
Calculate 0 - 5 - -26 - 9 - (-4 - (-7 - 76)).
-67
Calculate -35 + 0 + ((-64 - -52) + 43 - (-1 + 31)).
-34
What is 15 - (14 - 12 - -15) - (-6 + 6)?
-2
What is 78 - (114 - 234) - 89?
109
Calculate -147 + 183 - -46 - (0 + 9).
73
-17 + 16 - (3 - (-7 - -6)) - -5
0
Calculate 56 + -44 + 40 + -10 + (-1 - -6).
47
What is the value of 0 + 25 - (-54 - (-7 + -66))?
6
Evaluate (-116 - -124) + 79 - -26.
113
What is the value of 4 + (41 - (-17 - -64)) + (1 - -9)?
8
Evaluate -90 + -52 + 332 - 97.
93
Evaluate (-318 + 222 - -91) + (-1 + 2 - -11).
7
Evaluate (-59 - -45) + (-2 - -1) + 22 + -14 + 3.
-4
Calculate -370 - (161 - 557) - (1 - -58).
-33
Calculate 16 + -65 + 21 - (-1 + -4 + 6).
-29
-56 - (-59 + (52 - 11))
-38
(-3 + 3 - -8) + (-30 - -30) + 18
26
23 - 14 - (7 - (-2 + (8 - 6)) - -48)
-46
(-26 - (11 + -35 + 12 - 2)) + 0 + -123
-135
What is 120 + -66 + 95 + -106?
43
Calculate 139 + 164 + -280 + 0 + 25.
48
Evaluate -9 - (-57 - -40 - 25).
33
What is 7 - -2 - 1 - (-97 - (11 + -17))?
99
-42 + -13 + -35 + 108
18
What is 102 - (10 - (-1 - -7)) - (-10 - (-3 + 0))?
105
What is the value of (40 - 1) + -20 + -33 + 29?
15
Calculate -10 + 8 - (-11 + -2 - -6) - (-11 + -71).
87
What is -2 - (-12 - 3) - (287 - 286) - -44?
56
Evaluate -2 - -1 - (-134 + (15 - 0 - (37 - 37))).
118
Evaluate -189 + 217 + (-49 - (-8 + 4)).
-17
What is -151 - -146 - (-76 - (1 + 6 + -13))?
65
Calculate -50 + -8 - (1219 - 1243).
-34
What is (-2 - 26 - (-33 + 22)) + 131?
114
What is -23 + 12 - (33 + 5 + -22)?
-27
Calculate -1059 - -953 - (15 + -80).
-41
Evaluate -4 + 5 - (19 + 3) - 71.
-92
Calculate 124 + (-239 - 133) + 120.
-128
What is the value of (-68 - -79) + (28 - (-1 + 9))?
31
Evaluate (39 - (6 - (33 - 28))) + -143.
-105
What is 15143 + -15051 + 40 + -1?
131
What is the value of (1 + -14 - (46 + -69) - -16) + 13?
39
What is the value of (-22 + 44 - 17) + (3 + (-4 - 4) - 8)?
-8
What is the value of -15 + -19 + 15 + 28 - 4?
5
What is (-26 - (-36 + -11)) + (81 - 1)?
101
What is -6 + (-31 - -40) + (0 - -16)?
19
Calculate -12 - (-48 + 8 - (-24 + (22 - 8))).
18
7 - -21 - (-894 + 822)
100
What is 46 + (-2 - 22) - 71?
-49
Calculate -3 + -27 + 11 - (495 - 480).
-34
Evaluate 120 + -68 + (-11 - -12).
53
Evaluate 106 - (-7 - -189 - 14).
-62
-76 + (-77 - (11 + -92))
-72
Evaluate -9 + -3 + -42 - -37.
-17
What is 1239 + -1244 + 13 + -1 - -28?
35
What is the value of 79 - (2 + -11 + 17 + -6 - 13)?
90
1 + 47 + (-226 - (77 - 313))
58
What is -35 - (-35 + 2 + (95 - 85) + 1)?
-13
Calculate -9 + 45 + (-7 + -1 - 11).
17
34 - (-22 - -22) - (-4 - (-2 + 5))
41
Calculate 0 + -7 + (-10 - (34 - 15)) + -10 + 0.
-46
Calculate 38 + -34 + 59 + -33.
30
Evaluate 107 + 72 - 165 - (1 - 82).
95
Calculate 31 - (-93 + (27 - -174)).
-77
23 + 20 + (-5 - (19 - 11))
30
What is -88 + 40 + -23 + 27?
-44
-37 + 32 + -4 + -26
-35
Evaluate -44 + (64 - 43 - (14 + -1)) + -5.
-41
Evaluate -66 + 2 + 43 + -67 + -4 + 38.
-54
What is (-12 - (-4 + 43 + 9 - 11)) + -12?
-61
What is -28 + (-1 + 54 + -47 - (20 - 0))?
-42
Calculate (-8 + 11 - -8) + (-24 - -16) - (-63 + 1).
65
Evaluate (-3 - -1) + 7 + (-73 + 28 - 21).
-61
(1505 + -1488 + -1 + -5 + 1 - 6) + -3
3
-1 - -2 - (-4 + (-1 - (4 + -5)) + 16)
-11
What is the value of (-36 - -41) + (-2 - 16) + -2?
-15
What is the value of 4 - (14 + (-8 - -5) + -49 + 25 - -101)?
-84
Evaluate 24 - ((2 - (-4 - 6)) + -40 + 25).
27
Calculate -13 - (1 + -25 - (129 + 50 + -98)).
92
What is the value of 16 - (-11 - (4 + -9) - -7 - -62)?
-47
What is the value of 18 + -8 + -9 - (51 + -2 + -6 + 2)?
-44
What is 2 + (1 - 7) + -13 + 0 + 27 + 85?
95
Calculate 636 - 639 - (32 + 1)